. List the prime factors of n.
7
Suppose 14*l - 9*l = 220. List the prime factors of l.
2, 11
Let o(k) = k**2 + 7*k - 12. Let i be o(-12). Suppose -3*v = -0*v + i. Let f = v - -23. What are the prime factors of f?
7
Let m = -9 + -3. Suppose -2*r + 4*r + 12 = 4*f, -f + 10 = -r. What are the prime factors of 7/(r/m) + 1?
7
Let v be 4*(-21)/(-6) - -1. Let z = 29 + v. List the prime factors of z.
2, 11
Let h = -8 - -9. Let l be 6*h*4/8. List the prime factors of (l/(-2))/(18/(-48)).
2
Let u(o) = 2*o**3 - 8*o**2 - 2*o - 12. What are the prime factors of u(6)?
2, 3, 5
Let z = -66 + 71. What are the prime factors of z?
5
Let d(p) = -p - 12. Let x be d(0). Let h(v) = v**2 + 3*v. Let g be h(-2). What are the prime factors of -12*(-3)/x*g?
2, 3
Suppose -z + 98 = 2*z + 2*a, -4*z = 4*a - 128. List the prime factors of z.
2, 17
Let i(d) be the second derivative of 3*d**3/2 - 5*d. List the prime factors of i(1).
3
What are the prime factors of ((285/(-2))/(-3))/((-11)/(-22))?
5, 19
Let u(r) = -r**2 - 23*r + 16. What are the prime factors of u(-22)?
2, 19
Let c = 11 + 10. List the prime factors of c.
3, 7
Suppose 395 + 85 = 5*j. What are the prime factors of j?
2, 3
Let l(t) = -t**2 + 8*t - 4. Let f(u) = u**2 + 6*u - 11. Let w be f(-8). What are the prime factors of l(w)?
11
List the prime factors of (-10)/(-55) - 876/(-22).
2, 5
Suppose 0 = -3*s - 5*j - 25, 4*j = -3*s - 24 - 2. What are the prime factors of (-70)/(-2)*(-4)/s?
2, 7
Suppose 2*k + 34 = 7*k - j, 9 = 2*k - 5*j. What are the prime factors of k?
7
Suppose -54 = -0*n - 2*n. List the prime factors of n.
3
Suppose 4*o + 26 = -2*w + 4*w, 5*w + 3*o = 13. Suppose 4*f + 52 = 3*i - i, -w*i = f - 86. List the prime factors of i.
2, 3
Let z = -3 - -6. Suppose -f = -2*f + z. List the prime factors of f.
3
Let p be (0 - -9)/(-3)*-4. Let z = -8 + p. What are the prime factors of z?
2
Let l(o) = o**2. Let m(f) = -3*f**2 + 3*f + 3. Let z(b) = 4*l(b) + m(b). Suppose 0 = -4*c + 4, -3*d - 3*c = 6 - 0. What are the prime factors of z(d)?
3
Let o(d) = -d**3 - d**2 - 2*d + 91. What are the prime factors of o(0)?
7, 13
Let q(s) = s - 4. Let l be q(9). Let i(g) = 6 + g + l + 0*g. What are the prime factors of i(0)?
11
Let o(m) = 5*m**2 - 2*m - 8. List the prime factors of o(-3).
43
Let k(q) be the first derivative of 5*q**2/2 + 8*q + 1. Let x be k(6). Let h = x + -27. List the prime factors of h.
11
Let k = -8 - -9. What are the prime factors of k - -2 - (-3 + 4)?
2
Let u(x) = -x + 1. Let w = 4 + 1. Let g be u(w). What are the prime factors of g*5/4*-2?
2, 5
Let b(p) = 7*p + 26. List the prime factors of b(5).
61
Suppose -1 = y + p, -y + 8 = 4*p - 6. Let i = -4 - y. Suppose -g + v + 3 = 0, i*g = -2*g - 5*v + 39. What are the prime factors of g?
2, 3
Let b(w) = -w**3 + w**2 + 2. Let g be b(2). Let a(l) = 2*l**2 - 2*l - 6. Let q(p) = -p**2 + 1. Let n(r) = -a(r) - 4*q(r). What are the prime factors of n(g)?
2, 3
Let g = 2 - -1. Suppose -g*r + 18 = -33. What are the prime factors of r?
17
Suppose -5*r - 4*p + 13 = 0, -4*r - 2*p = r - 9. Let h(n) be the third derivative of n**5/6 - 5*n**2. List the prime factors of h(r).
2, 5
Suppose -3*a - 5 = -14. Suppose -z + 48 = a*z. List the prime factors of (-184)/(-18) + z/(-54).
2, 5
Suppose 0*z - 2 = -2*z. Suppose -y + z = p - 0, -4*p + 4*y + 28 = 0. Suppose p + 0 = m. What are the prime factors of m?
2
Suppose 5*r = -2*c + 7, 3*c = 4*r - 5*r - 9. List the prime factors of r.
3
Let w(g) = g**3 - 3*g**2 + 2*g + 2. Let f be w(3). What are the prime factors of f/20 + 54/15?
2
Let i(j) = 4*j**2 - 5*j + 5. List the prime factors of i(3).
2, 13
Let v be (6 + -7)/(0 - -1). Let k be -3*(v + 8/(-6)). Suppose 3*z = k*z - 12. List the prime factors of z.
3
Let u(s) = -s**3 + 3*s**2 + 3*s - 3. Let k be u(3). Let d be ((-2)/k + 1)*36. Suppose 3*y - d = 12. List the prime factors of y.
2, 3
Suppose -t - 2*u = -49, -77 = -3*t - 3*u + 70. What are the prime factors of t?
7
Suppose 0 = -4*g - 4*n + 44, -2*g + 26 = n + 3*n. What are the prime factors of g?
3
Suppose -4*a = 3*v + 1 - 344, 5*v - 5*a = 525. List the prime factors of v.
109
Suppose -22 = -2*y + 3*y. What are the prime factors of (-1)/((4 - 2)/y)?
11
Suppose 0 = -t + 3*t + 6. What are the prime factors of 7/21 + (-104)/t?
5, 7
Let o(y) = 5*y + 152. What are the prime factors of o(0)?
2, 19
Suppose -3*m + 2*y + 126 = 0, y + 135 = 3*m - 4*y. List the prime factors of m.
2, 5
Let t(w) = -w**3 - 7*w**2 - 5*w - 10. Suppose -3*m + 8*m + 35 = 0. List the prime factors of t(m).
5
Let m(y) = -y - 2. Let a(i) = i**2 - 4*i. Let z be a(5). Suppose 2*h + 9 = -z. What are the prime factors of m(h)?
5
Let k(x) = -x**3 - 9*x**2 + 5. Let g = 3 - -5. Suppose -35 = 3*t - g. List the prime factors of k(t).
5
Suppose 64 = 5*l - 5*j - 346, -l + 102 = 3*j. List the prime factors of l.
3, 29
Let u(x) = x + 2. Let s be u(0). Suppose -2*v = 6 + s. Let l = v + 6. What are the prime factors of l?
2
Suppose 4*k = 20, 2*b + 3*k - 15 = -2*b. Suppose b = 3*u - 36 - 3. What are the prime factors of u?
13
Let d(g) = -g - 1. Let k be d(-11). Let n = 15 - k. What are the prime factors of n?
5
What are the prime factors of (-7900)/(-90) + 4/18?
2, 11
Let v be (-39)/(-15) - (-6)/(-10). List the prime factors of v/1 - (-18)/2.
11
Suppose 4*i - 30 = 2*h, 23 = -0*h - 2*h - 3*i. Let q = h + 7. Let a(k) = k**2 + 5*k + 4. List the prime factors of a(q).
2, 5
Suppose 6*p - 9*p = -39. List the prime factors of p.
13
Suppose 30 = 2*u - 2*y, -u + 14 + 13 = 5*y. List the prime factors of u.
17
Suppose -l = l - 208. What are the prime factors of l?
2, 13
Let n be 18/(1*1/2). Suppose -3*k - 9 = -n. What are the prime factors of k?
3
Let u = -5 + -7. What are the prime factors of (-237)/u + 9/(-12)?
19
Let h(n) = n**2 + n - 3. Let o be h(-3). Let p(s) = 22*s**3 - s**2. Let c be p(1). Suppose o*z - c = 12. List the prime factors of z.
11
Let r(u) be the first derivative of -u**4/2 + u**2/2 + u - 3. What are the prime factors of r(-1)?
2
Let g be 3 + 0 + 4 + -2. Suppose 5*o - 85 = 2*h, -4*h = -o - 0*h + 35. Suppose -g*v - 4*t + 56 = 11, -v + o = 2*t. List the prime factors of v.
5
Let p = 61 + -21. What are the prime factors of p?
2, 5
Let a be 1/4 + (-3)/12. Suppose 2*r - 12 - 18 = a. List the prime factors of r.
3, 5
Let k = 3 - -2. Suppose 0 = 4*a - k*a + 8. List the prime factors of a.
2
Let u be 4 + -3 + 278/2. Suppose -5*v - u = -5*g, 101 = 5*g + v - 9. List the prime factors of g.
23
Let k be (-84)/70*(-20)/(-6). Let j = 5 - k. List the prime factors of j.
3
Suppose -5*i + 3*o = -20, 5*i - 10 = -0*o + 5*o. List the prime factors of i.
7
Suppose -34 = -4*z + 2. List the prime factors of z.
3
Let s(c) = c**3 + 7*c**2 - c + 1. Let g be s(-7). Let l = 17 - g. Suppose 2*m + 3 = l. List the prime factors of m.
3
Suppose -146 - 44 = 5*f. Let z be (-4)/(-4) + 2 + -29. Let g = z - f. List the prime factors of g.
2, 3
Suppose b + 0*b = 3*a + 456, b - 454 = 2*a. List the prime factors of b.
2, 3, 5
Let m = -118 - -319. List the prime factors of m.
3, 67
Let z be ((-17)/(-2))/(4/(-8)). List the prime factors of z/(4 - (2 - -3)).
17
Let r = -8 + 5. Let s = r + 2. Let f = s + 4. What are the prime factors of f?
3
Let k be (-64)/(-36) - 2/(-9). Suppose k*w - g - 38 = -5*g, -4*w = -3*g - 43. What are the prime factors of w?
13
Let b(u) = -12*u - 3. Let p(v) = v**3 - 5*v**2 + 2*v + 3. Let m be p(4). Let k(s) = 3*s + 1. Let q(r) = m*b(r) - 21*k(r). What are the prime factors of q(-4)?
2, 3
Suppose 4*d - 36 - 108 = 0. What are the prime factors of d?
2, 3
Suppose 960 + 174 = 6*d. List the prime factors of d.
3, 7
Let n = -184 - -306. What are the prime factors of n?
2, 61
Let p(q) = q + 1. Let s be p(0). List the prime factors of (-3)/2*s*-10.
3, 5
Let j be 11/(-1)*(-2)/2. Let o = j - 7. Suppose g - o = -1. List the prime factors of g.
3
Suppose -97 = -2*h + 71. Suppose 6*c - 3*c = h. List the prime factors of c.
2, 7
Suppose -5*t + 5 = -0, -t = 2*s - 97. List the prime factors of s.
2, 3
List the prime factors of (2 + -3)/((-2)/38).
19
Let b be -1 - 2 - -2*6. Let o(a) = -2*a**3 - 7*a**2 + 7*a + 1. Let f(l) = -l**3 + l**2 - l. Let k(c) = -3*f(c) + o(c). What are the prime factors of k(b)?
2, 5
Suppose 3 = -2*o + 5*r - 72, -r = o + 27. What are the prime factors of 12/o - 364/(-10)?
2, 3
Let o = 31